{"id":1396,"date":"2024-05-03T07:21:54","date_gmt":"2024-05-03T07:21:54","guid":{"rendered":"http:\/\/wp.eaglered.de\/?page_id=1396"},"modified":"2025-02-06T15:11:12","modified_gmt":"2025-02-06T15:11:12","slug":"f-wurf","status":"publish","type":"page","link":"http:\/\/wp.eaglered.de\/?page_id=1396","title":{"rendered":"F-Wurf"},"content":{"rendered":"\n<p>Am 17.02. und 18.02.2024 wurde <a href=\"https:\/\/drc.de\/adr\/listen\/show_druede.php?what=Hunde&amp;rvid=147459&amp;race=Golden&amp;fbclid=IwAR1BCX5--YzWcsSZd9pwmTfRxx33qvn5uQUx2RhMMxZezfY1TYOXpBsJEBg\">Pepsanner Hirola \/ Bekkie<\/a> von <a href=\"https:\/\/drc.de\/adr\/listen\/show_druede.php?what=Hunde&amp;rvid=154848&amp;race=Golden&amp;fbclid=IwAR13jXmPNiNRJ7cKlPgUYeqldmgaS6227n0IqFzleIYJGVJhNNQT1wo5nC4\">Weljesten Trust Sisu Au<\/a> gedeckt.<\/p>\n\n\n\n<figure class=\"wp-block-gallery has-nested-images columns-default is-cropped wp-block-gallery-1 is-layout-flex wp-block-gallery-is-layout-flex\">\n<figure class=\"wp-block-image size-large\"><a href=\"http:\/\/wp.eaglered.de\/?attachment_id=1369\"><img loading=\"lazy\" decoding=\"async\" width=\"768\" height=\"1024\" data-id=\"1369\" src=\"http:\/\/wp.eaglered.de\/wp-content\/uploads\/2024\/02\/424638908_3372907492853562_433638086167351223_n-768x1024.jpg\" alt=\"\" class=\"wp-image-1369\" srcset=\"http:\/\/wp.eaglered.de\/wp-content\/uploads\/2024\/02\/424638908_3372907492853562_433638086167351223_n-768x1024.jpg 768w, http:\/\/wp.eaglered.de\/wp-content\/uploads\/2024\/02\/424638908_3372907492853562_433638086167351223_n-225x300.jpg 225w, http:\/\/wp.eaglered.de\/wp-content\/uploads\/2024\/02\/424638908_3372907492853562_433638086167351223_n-1152x1536.jpg 1152w, http:\/\/wp.eaglered.de\/wp-content\/uploads\/2024\/02\/424638908_3372907492853562_433638086167351223_n-700x933.jpg 700w, http:\/\/wp.eaglered.de\/wp-content\/uploads\/2024\/02\/424638908_3372907492853562_433638086167351223_n-332x443.jpg 332w, http:\/\/wp.eaglered.de\/wp-content\/uploads\/2024\/02\/424638908_3372907492853562_433638086167351223_n.jpg 1536w\" sizes=\"auto, (max-width: 768px) 100vw, 768px\" \/><\/a><\/figure>\n\n\n\n<figure class=\"wp-block-image size-large\"><a href=\"http:\/\/wp.eaglered.de\/?attachment_id=1368\"><img loading=\"lazy\" decoding=\"async\" width=\"1024\" height=\"768\" data-id=\"1368\" src=\"http:\/\/wp.eaglered.de\/wp-content\/uploads\/2024\/02\/424786137_3372907349520243_1319702062336304124_n-1024x768.jpg\" alt=\"\" class=\"wp-image-1368\" srcset=\"http:\/\/wp.eaglered.de\/wp-content\/uploads\/2024\/02\/424786137_3372907349520243_1319702062336304124_n-1024x768.jpg 1024w, http:\/\/wp.eaglered.de\/wp-content\/uploads\/2024\/02\/424786137_3372907349520243_1319702062336304124_n-300x225.jpg 300w, http:\/\/wp.eaglered.de\/wp-content\/uploads\/2024\/02\/424786137_3372907349520243_1319702062336304124_n-768x576.jpg 768w, http:\/\/wp.eaglered.de\/wp-content\/uploads\/2024\/02\/424786137_3372907349520243_1319702062336304124_n-1536x1152.jpg 1536w, http:\/\/wp.eaglered.de\/wp-content\/uploads\/2024\/02\/424786137_3372907349520243_1319702062336304124_n-700x525.jpg 700w, http:\/\/wp.eaglered.de\/wp-content\/uploads\/2024\/02\/424786137_3372907349520243_1319702062336304124_n-332x249.jpg 332w, http:\/\/wp.eaglered.de\/wp-content\/uploads\/2024\/02\/424786137_3372907349520243_1319702062336304124_n.jpg 1600w\" sizes=\"auto, (max-width: 1024px) 100vw, 1024px\" \/><\/a><\/figure>\n<\/figure>\n\n\n\n<p>Die Verpaarung Pepsanner Hirola mit Weljesten Trust Sisu Au wurde mit sechs Babies gekr\u00f6nt. <\/p>\n\n\n\n<figure class=\"wp-block-image size-large\"><a href=\"http:\/\/wp.eaglered.de\/?attachment_id=1394\"><img loading=\"lazy\" decoding=\"async\" width=\"1024\" height=\"768\" src=\"http:\/\/wp.eaglered.de\/wp-content\/uploads\/2024\/05\/441042240_7272939576135547_2646040109080213858_n-1024x768.jpg\" alt=\"\" class=\"wp-image-1394\" srcset=\"http:\/\/wp.eaglered.de\/wp-content\/uploads\/2024\/05\/441042240_7272939576135547_2646040109080213858_n-1024x768.jpg 1024w, http:\/\/wp.eaglered.de\/wp-content\/uploads\/2024\/05\/441042240_7272939576135547_2646040109080213858_n-300x225.jpg 300w, http:\/\/wp.eaglered.de\/wp-content\/uploads\/2024\/05\/441042240_7272939576135547_2646040109080213858_n-768x576.jpg 768w, http:\/\/wp.eaglered.de\/wp-content\/uploads\/2024\/05\/441042240_7272939576135547_2646040109080213858_n-1536x1152.jpg 1536w, http:\/\/wp.eaglered.de\/wp-content\/uploads\/2024\/05\/441042240_7272939576135547_2646040109080213858_n-700x525.jpg 700w, http:\/\/wp.eaglered.de\/wp-content\/uploads\/2024\/05\/441042240_7272939576135547_2646040109080213858_n-332x249.jpg 332w, http:\/\/wp.eaglered.de\/wp-content\/uploads\/2024\/05\/441042240_7272939576135547_2646040109080213858_n.jpg 2048w\" sizes=\"auto, (max-width: 1024px) 100vw, 1024px\" \/><\/a><\/figure>\n\n\n\n<hr class=\"wp-block-separator has-alpha-channel-opacity\"\/>\n\n\n\n<figure class=\"wp-block-gallery has-nested-images columns-default is-cropped wp-block-gallery-2 is-layout-flex wp-block-gallery-is-layout-flex\">\n<figure class=\"wp-block-image size-large\"><img loading=\"lazy\" decoding=\"async\" width=\"768\" height=\"1024\" data-id=\"1532\" src=\"http:\/\/wp.eaglered.de\/wp-content\/uploads\/2025\/02\/Besuch-in-Kevelear-links-Atze-mit-Fire-und-rechts-Frank-mit-Fletcher-768x1024.jpg\" alt=\"\" class=\"wp-image-1532\" srcset=\"http:\/\/wp.eaglered.de\/wp-content\/uploads\/2025\/02\/Besuch-in-Kevelear-links-Atze-mit-Fire-und-rechts-Frank-mit-Fletcher-768x1024.jpg 768w, http:\/\/wp.eaglered.de\/wp-content\/uploads\/2025\/02\/Besuch-in-Kevelear-links-Atze-mit-Fire-und-rechts-Frank-mit-Fletcher-225x300.jpg 225w, http:\/\/wp.eaglered.de\/wp-content\/uploads\/2025\/02\/Besuch-in-Kevelear-links-Atze-mit-Fire-und-rechts-Frank-mit-Fletcher-1152x1536.jpg 1152w, http:\/\/wp.eaglered.de\/wp-content\/uploads\/2025\/02\/Besuch-in-Kevelear-links-Atze-mit-Fire-und-rechts-Frank-mit-Fletcher-700x933.jpg 700w, http:\/\/wp.eaglered.de\/wp-content\/uploads\/2025\/02\/Besuch-in-Kevelear-links-Atze-mit-Fire-und-rechts-Frank-mit-Fletcher-332x443.jpg 332w, http:\/\/wp.eaglered.de\/wp-content\/uploads\/2025\/02\/Besuch-in-Kevelear-links-Atze-mit-Fire-und-rechts-Frank-mit-Fletcher.jpg 1200w\" sizes=\"auto, (max-width: 768px) 100vw, 768px\" \/><figcaption class=\"wp-element-caption\">Besuch in Kevelear , links Atze mit Fire und rechts Frank\u00a0mit\u00a0Fletcher<\/figcaption><\/figure>\n\n\n\n<figure class=\"wp-block-image size-large\"><img loading=\"lazy\" decoding=\"async\" width=\"1024\" height=\"768\" data-id=\"1530\" src=\"http:\/\/wp.eaglered.de\/wp-content\/uploads\/2025\/02\/Felix-von-Andreas-1024x768.jpg\" alt=\"\" class=\"wp-image-1530\" srcset=\"http:\/\/wp.eaglered.de\/wp-content\/uploads\/2025\/02\/Felix-von-Andreas-1024x768.jpg 1024w, http:\/\/wp.eaglered.de\/wp-content\/uploads\/2025\/02\/Felix-von-Andreas-300x225.jpg 300w, http:\/\/wp.eaglered.de\/wp-content\/uploads\/2025\/02\/Felix-von-Andreas-768x576.jpg 768w, http:\/\/wp.eaglered.de\/wp-content\/uploads\/2025\/02\/Felix-von-Andreas-1536x1152.jpg 1536w, http:\/\/wp.eaglered.de\/wp-content\/uploads\/2025\/02\/Felix-von-Andreas-700x525.jpg 700w, http:\/\/wp.eaglered.de\/wp-content\/uploads\/2025\/02\/Felix-von-Andreas-332x249.jpg 332w, http:\/\/wp.eaglered.de\/wp-content\/uploads\/2025\/02\/Felix-von-Andreas.jpg 2048w\" sizes=\"auto, (max-width: 1024px) 100vw, 1024px\" \/><figcaption class=\"wp-element-caption\">Gr\u00fc\u00dfe aus N\u00fcrnberg &#8211; Felix von Andreas<\/figcaption><\/figure>\n\n\n\n<figure class=\"wp-block-image size-large\"><img loading=\"lazy\" decoding=\"async\" width=\"768\" height=\"1024\" data-id=\"1531\" src=\"http:\/\/wp.eaglered.de\/wp-content\/uploads\/2025\/02\/Finnian-von-Marion-und-Wilfried-768x1024.jpg\" alt=\"\" class=\"wp-image-1531\" srcset=\"http:\/\/wp.eaglered.de\/wp-content\/uploads\/2025\/02\/Finnian-von-Marion-und-Wilfried-768x1024.jpg 768w, http:\/\/wp.eaglered.de\/wp-content\/uploads\/2025\/02\/Finnian-von-Marion-und-Wilfried-225x300.jpg 225w, http:\/\/wp.eaglered.de\/wp-content\/uploads\/2025\/02\/Finnian-von-Marion-und-Wilfried-1152x1536.jpg 1152w, http:\/\/wp.eaglered.de\/wp-content\/uploads\/2025\/02\/Finnian-von-Marion-und-Wilfried-700x933.jpg 700w, http:\/\/wp.eaglered.de\/wp-content\/uploads\/2025\/02\/Finnian-von-Marion-und-Wilfried-332x443.jpg 332w, http:\/\/wp.eaglered.de\/wp-content\/uploads\/2025\/02\/Finnian-von-Marion-und-Wilfried.jpg 1536w\" sizes=\"auto, (max-width: 768px) 100vw, 768px\" \/><figcaption class=\"wp-element-caption\">Finnian von Marion und Wilfried<\/figcaption><\/figure>\n\n\n\n<figure class=\"wp-block-image size-large\"><img loading=\"lazy\" decoding=\"async\" width=\"1024\" height=\"768\" data-id=\"1527\" src=\"http:\/\/wp.eaglered.de\/wp-content\/uploads\/2025\/02\/Fletcher-und-Fire-von-Atze-und-Lino-1024x768.jpg\" alt=\"\" class=\"wp-image-1527\" srcset=\"http:\/\/wp.eaglered.de\/wp-content\/uploads\/2025\/02\/Fletcher-und-Fire-von-Atze-und-Lino-1024x768.jpg 1024w, http:\/\/wp.eaglered.de\/wp-content\/uploads\/2025\/02\/Fletcher-und-Fire-von-Atze-und-Lino-300x225.jpg 300w, http:\/\/wp.eaglered.de\/wp-content\/uploads\/2025\/02\/Fletcher-und-Fire-von-Atze-und-Lino-768x576.jpg 768w, http:\/\/wp.eaglered.de\/wp-content\/uploads\/2025\/02\/Fletcher-und-Fire-von-Atze-und-Lino-1536x1152.jpg 1536w, http:\/\/wp.eaglered.de\/wp-content\/uploads\/2025\/02\/Fletcher-und-Fire-von-Atze-und-Lino-700x525.jpg 700w, http:\/\/wp.eaglered.de\/wp-content\/uploads\/2025\/02\/Fletcher-und-Fire-von-Atze-und-Lino-332x249.jpg 332w, http:\/\/wp.eaglered.de\/wp-content\/uploads\/2025\/02\/Fletcher-und-Fire-von-Atze-und-Lino.jpg 2048w\" sizes=\"auto, (max-width: 1024px) 100vw, 1024px\" \/><figcaption class=\"wp-element-caption\">Fletcher und Fire von\u00a0Atze\u00a0und\u00a0Lino<\/figcaption><\/figure>\n\n\n\n<figure class=\"wp-block-image size-large\"><img loading=\"lazy\" decoding=\"async\" width=\"768\" height=\"1024\" data-id=\"1529\" src=\"http:\/\/wp.eaglered.de\/wp-content\/uploads\/2025\/02\/Sunny-lebt-in-der-Schweiz-bei-Marco-und-Diana-768x1024.jpg\" alt=\"\" class=\"wp-image-1529\" srcset=\"http:\/\/wp.eaglered.de\/wp-content\/uploads\/2025\/02\/Sunny-lebt-in-der-Schweiz-bei-Marco-und-Diana-768x1024.jpg 768w, http:\/\/wp.eaglered.de\/wp-content\/uploads\/2025\/02\/Sunny-lebt-in-der-Schweiz-bei-Marco-und-Diana-225x300.jpg 225w, http:\/\/wp.eaglered.de\/wp-content\/uploads\/2025\/02\/Sunny-lebt-in-der-Schweiz-bei-Marco-und-Diana-1152x1536.jpg 1152w, http:\/\/wp.eaglered.de\/wp-content\/uploads\/2025\/02\/Sunny-lebt-in-der-Schweiz-bei-Marco-und-Diana-700x933.jpg 700w, http:\/\/wp.eaglered.de\/wp-content\/uploads\/2025\/02\/Sunny-lebt-in-der-Schweiz-bei-Marco-und-Diana-332x443.jpg 332w, http:\/\/wp.eaglered.de\/wp-content\/uploads\/2025\/02\/Sunny-lebt-in-der-Schweiz-bei-Marco-und-Diana.jpg 1200w\" sizes=\"auto, (max-width: 768px) 100vw, 768px\" \/><figcaption class=\"wp-element-caption\">Sunny lebt in der Schweiz bei Marco und\u00a0Diana<\/figcaption><\/figure>\n\n\n\n<figure class=\"wp-block-image size-large\"><img loading=\"lazy\" decoding=\"async\" width=\"768\" height=\"1024\" data-id=\"1528\" src=\"http:\/\/wp.eaglered.de\/wp-content\/uploads\/2025\/02\/Julie-mit-Finley-von-Eva-768x1024.jpg\" alt=\"\" class=\"wp-image-1528\" srcset=\"http:\/\/wp.eaglered.de\/wp-content\/uploads\/2025\/02\/Julie-mit-Finley-von-Eva-768x1024.jpg 768w, http:\/\/wp.eaglered.de\/wp-content\/uploads\/2025\/02\/Julie-mit-Finley-von-Eva-225x300.jpg 225w, http:\/\/wp.eaglered.de\/wp-content\/uploads\/2025\/02\/Julie-mit-Finley-von-Eva-1152x1536.jpg 1152w, http:\/\/wp.eaglered.de\/wp-content\/uploads\/2025\/02\/Julie-mit-Finley-von-Eva-700x933.jpg 700w, http:\/\/wp.eaglered.de\/wp-content\/uploads\/2025\/02\/Julie-mit-Finley-von-Eva-332x443.jpg 332w, http:\/\/wp.eaglered.de\/wp-content\/uploads\/2025\/02\/Julie-mit-Finley-von-Eva.jpg 1200w\" sizes=\"auto, (max-width: 768px) 100vw, 768px\" \/><figcaption class=\"wp-element-caption\">Julie mit Finley von\u00a0Eva<\/figcaption><\/figure>\n<\/figure>\n\n\n\n<p><\/p>\n","protected":false},"excerpt":{"rendered":"<p>Am 17.02. und 18.02.2024 wurde Pepsanner Hirola \/ Bekkie von Weljesten Trust Sisu Au gedeckt. Die Verpaarung Pepsanner Hirola mit Weljesten Trust Sisu Au wurde mit sechs Babies gekr\u00f6nt.<\/p>\n","protected":false},"author":1,"featured_media":0,"parent":9,"menu_order":0,"comment_status":"closed","ping_status":"closed","template":"","meta":{"footnotes":""},"class_list":["post-1396","page","type-page","status-publish","hentry","column","twocol"],"_links":{"self":[{"href":"http:\/\/wp.eaglered.de\/index.php?rest_route=\/wp\/v2\/pages\/1396","targetHints":{"allow":["GET"]}}],"collection":[{"href":"http:\/\/wp.eaglered.de\/index.php?rest_route=\/wp\/v2\/pages"}],"about":[{"href":"http:\/\/wp.eaglered.de\/index.php?rest_route=\/wp\/v2\/types\/page"}],"author":[{"embeddable":true,"href":"http:\/\/wp.eaglered.de\/index.php?rest_route=\/wp\/v2\/users\/1"}],"replies":[{"embeddable":true,"href":"http:\/\/wp.eaglered.de\/index.php?rest_route=%2Fwp%2Fv2%2Fcomments&post=1396"}],"version-history":[{"count":4,"href":"http:\/\/wp.eaglered.de\/index.php?rest_route=\/wp\/v2\/pages\/1396\/revisions"}],"predecessor-version":[{"id":1534,"href":"http:\/\/wp.eaglered.de\/index.php?rest_route=\/wp\/v2\/pages\/1396\/revisions\/1534"}],"up":[{"embeddable":true,"href":"http:\/\/wp.eaglered.de\/index.php?rest_route=\/wp\/v2\/pages\/9"}],"wp:attachment":[{"href":"http:\/\/wp.eaglered.de\/index.php?rest_route=%2Fwp%2Fv2%2Fmedia&parent=1396"}],"curies":[{"name":"wp","href":"https:\/\/api.w.org\/{rel}","templated":true}]}}