{"id":1467,"date":"2024-09-08T13:55:20","date_gmt":"2024-09-08T13:55:20","guid":{"rendered":"http:\/\/wp.eaglered.de\/?page_id=1467"},"modified":"2024-09-10T17:34:26","modified_gmt":"2024-09-10T17:34:26","slug":"duke","status":"publish","type":"page","link":"http:\/\/wp.eaglered.de\/?page_id=1467","title":{"rendered":"Duke"},"content":{"rendered":"\n<p><strong>Eagle Red Alive &#8222;Duke&#8220;<\/strong><br>*20.8.2020<br><a href=\"https:\/\/drc.de\/adr\/listen\/show_druede.php?what=Hunde&amp;rvid=156913&amp;race=Golden%20Retriever\" target=\"_blank\" rel=\"noreferrer noopener\">DRC-ZB.NR. 2043210<\/a><\/p>\n\n\n\n<p>Z\u00fcchterin: Ute Wagnitz<\/p>\n\n\n\n<p>Mutter: Pepsanner Hirola<br>Vater: Golden Worker Discovery Colin X<\/p>\n\n\n<div class=\"wp-block-image\">\n<figure class=\"aligncenter size-full\"><img loading=\"lazy\" decoding=\"async\" width=\"640\" height=\"480\" src=\"http:\/\/wp.eaglered.de\/wp-content\/uploads\/2024\/09\/EagleRedAliveDuke.jpg\" alt=\"\" class=\"wp-image-1471\" srcset=\"http:\/\/wp.eaglered.de\/wp-content\/uploads\/2024\/09\/EagleRedAliveDuke.jpg 640w, http:\/\/wp.eaglered.de\/wp-content\/uploads\/2024\/09\/EagleRedAliveDuke-300x225.jpg 300w, http:\/\/wp.eaglered.de\/wp-content\/uploads\/2024\/09\/EagleRedAliveDuke-332x249.jpg 332w\" sizes=\"auto, (max-width: 640px) 100vw, 640px\" \/><\/figure><\/div>\n\n\n<figure class=\"wp-block-table\"><table class=\"has-fixed-layout\"><tbody><tr><td>ZB-Nr<a href=\"https:\/\/drc.de\/node\/5142?rvid=156913\" target=\"_blank\" rel=\"noreferrer noopener\">.<\/a><\/td><td>2043210<\/td><\/tr><tr><td>gew. am<\/td><td>20.8.2020<\/td><\/tr><tr><td>Geschlecht<\/td><td>R\u00fcde<\/td><\/tr><tr><td>Eltern<\/td><td>Golden Worker Discovery Colin&nbsp;X&nbsp;<br>Pepsanner Hirola<\/td><\/tr><tr><td>Ahnentafel<\/td><td><a href=\"https:\/\/db.drc.de\/adr\/ahnen\/ahnen1.php?zbnr=2043210&amp;race=Golden%2520Retriever\" target=\"_blank\" rel=\"noreferrer noopener\">Hier gehts zur Ahnentafel<\/a><\/td><\/tr><tr><td>HD\/ED<\/td><td>H\u00fcften = A1 (rechts = A1, links = A1)<br>Ellbogen rechts = frei, links = frei<\/td><\/tr><tr><td>Augen<\/td><td>RD: frei, PRA: frei, Katarakt: frei vom 09.10.23<\/td><\/tr><tr><td>Zahnstatus<\/td><td>oB<\/td><\/tr><tr><td>ZZL vom<\/td><td>26.10.23<\/td><\/tr><tr><td>Titel\/Pr\u00fcfungen<\/td><td>WT, APD A, JAS, div.Workingtests(A)<\/td><\/tr><tr><td>Besitzer<\/td><td>Ulla&nbsp;Dahm-Hau<br>Kolpingstr. 36<br>56729&nbsp;Ettringen<br>Tel.&nbsp;0171\/4156042<br>E-Mail&nbsp;<a href=\"mailto:ulla@dahm-hau.de\">ulla@dahm-hau.de<\/a><\/td><\/tr><tr><td>Z\u00fcchter<\/td><td>Ute&nbsp;Wagnitz<\/td><\/tr><tr><td>Risth\u00f6he<\/td><td>61 cm<\/td><\/tr><tr><td>Formwert<\/td><td>sg<br>Gro\u00dfer R\u00fcde mit maskulinem Kopf, dunklen Augen, viel Pigment, ausdrucksvoll, sehr gut gebaut, wenig Vorbrust, sehr gut in allen \u00fcbrigen Teilen, bewegt sich frei u. fl\u00fcssig.<br><br>Richter: Assenmacher-Feyel<\/td><\/tr><tr><td>Wesenstest<\/td><td>Der 19 Monate alte Golden R\u00fcde mit hoher Aktivit\u00e4t bewegt sich sicher in der belebten und unbelebten Umwelt, neugierig untersucht er alle Reize auf dem Parcours.<br><br>Richter: Mainka<\/td><\/tr><\/tbody><\/table><\/figure>\n\n\n\n<figure class=\"wp-block-gallery has-nested-images columns-default is-cropped wp-block-gallery-1 is-layout-flex wp-block-gallery-is-layout-flex\">\n<figure class=\"wp-block-image size-large\"><a href=\"http:\/\/wp.eaglered.de\/?attachment_id=1487\"><img loading=\"lazy\" decoding=\"async\" width=\"682\" height=\"1024\" data-id=\"1487\" src=\"http:\/\/wp.eaglered.de\/wp-content\/uploads\/2024\/09\/IMG-20240910-WA0008-682x1024.jpg\" alt=\"\" class=\"wp-image-1487\" srcset=\"http:\/\/wp.eaglered.de\/wp-content\/uploads\/2024\/09\/IMG-20240910-WA0008-682x1024.jpg 682w, http:\/\/wp.eaglered.de\/wp-content\/uploads\/2024\/09\/IMG-20240910-WA0008-200x300.jpg 200w, http:\/\/wp.eaglered.de\/wp-content\/uploads\/2024\/09\/IMG-20240910-WA0008-768x1153.jpg 768w, http:\/\/wp.eaglered.de\/wp-content\/uploads\/2024\/09\/IMG-20240910-WA0008-1023x1536.jpg 1023w, http:\/\/wp.eaglered.de\/wp-content\/uploads\/2024\/09\/IMG-20240910-WA0008-700x1051.jpg 700w, http:\/\/wp.eaglered.de\/wp-content\/uploads\/2024\/09\/IMG-20240910-WA0008-332x498.jpg 332w, http:\/\/wp.eaglered.de\/wp-content\/uploads\/2024\/09\/IMG-20240910-WA0008.jpg 1066w\" sizes=\"auto, (max-width: 682px) 100vw, 682px\" \/><\/a><\/figure>\n\n\n\n<figure class=\"wp-block-image size-large\"><a href=\"http:\/\/wp.eaglered.de\/?attachment_id=1486\"><img loading=\"lazy\" decoding=\"async\" width=\"682\" height=\"1024\" data-id=\"1486\" src=\"http:\/\/wp.eaglered.de\/wp-content\/uploads\/2024\/09\/IMG-20240910-WA0009-682x1024.jpg\" alt=\"\" class=\"wp-image-1486\" srcset=\"http:\/\/wp.eaglered.de\/wp-content\/uploads\/2024\/09\/IMG-20240910-WA0009-682x1024.jpg 682w, http:\/\/wp.eaglered.de\/wp-content\/uploads\/2024\/09\/IMG-20240910-WA0009-200x300.jpg 200w, http:\/\/wp.eaglered.de\/wp-content\/uploads\/2024\/09\/IMG-20240910-WA0009-768x1153.jpg 768w, http:\/\/wp.eaglered.de\/wp-content\/uploads\/2024\/09\/IMG-20240910-WA0009-1023x1536.jpg 1023w, http:\/\/wp.eaglered.de\/wp-content\/uploads\/2024\/09\/IMG-20240910-WA0009-700x1051.jpg 700w, http:\/\/wp.eaglered.de\/wp-content\/uploads\/2024\/09\/IMG-20240910-WA0009-332x498.jpg 332w, http:\/\/wp.eaglered.de\/wp-content\/uploads\/2024\/09\/IMG-20240910-WA0009.jpg 1066w\" sizes=\"auto, (max-width: 682px) 100vw, 682px\" \/><\/a><\/figure>\n\n\n\n<figure class=\"wp-block-image size-large\"><a href=\"http:\/\/wp.eaglered.de\/?attachment_id=1485\"><img loading=\"lazy\" decoding=\"async\" width=\"682\" height=\"1024\" data-id=\"1485\" src=\"http:\/\/wp.eaglered.de\/wp-content\/uploads\/2024\/09\/IMG-20240910-WA0010-682x1024.jpg\" alt=\"\" class=\"wp-image-1485\" srcset=\"http:\/\/wp.eaglered.de\/wp-content\/uploads\/2024\/09\/IMG-20240910-WA0010-682x1024.jpg 682w, http:\/\/wp.eaglered.de\/wp-content\/uploads\/2024\/09\/IMG-20240910-WA0010-200x300.jpg 200w, http:\/\/wp.eaglered.de\/wp-content\/uploads\/2024\/09\/IMG-20240910-WA0010-768x1153.jpg 768w, http:\/\/wp.eaglered.de\/wp-content\/uploads\/2024\/09\/IMG-20240910-WA0010-1023x1536.jpg 1023w, http:\/\/wp.eaglered.de\/wp-content\/uploads\/2024\/09\/IMG-20240910-WA0010-700x1051.jpg 700w, http:\/\/wp.eaglered.de\/wp-content\/uploads\/2024\/09\/IMG-20240910-WA0010-332x498.jpg 332w, http:\/\/wp.eaglered.de\/wp-content\/uploads\/2024\/09\/IMG-20240910-WA0010.jpg 1066w\" sizes=\"auto, (max-width: 682px) 100vw, 682px\" \/><\/a><\/figure>\n\n\n\n<figure class=\"wp-block-image size-large\"><a href=\"http:\/\/wp.eaglered.de\/?attachment_id=1484\"><img loading=\"lazy\" decoding=\"async\" width=\"682\" height=\"1024\" data-id=\"1484\" src=\"http:\/\/wp.eaglered.de\/wp-content\/uploads\/2024\/09\/IMG-20240910-WA0011-682x1024.jpg\" alt=\"\" class=\"wp-image-1484\" srcset=\"http:\/\/wp.eaglered.de\/wp-content\/uploads\/2024\/09\/IMG-20240910-WA0011-682x1024.jpg 682w, http:\/\/wp.eaglered.de\/wp-content\/uploads\/2024\/09\/IMG-20240910-WA0011-200x300.jpg 200w, http:\/\/wp.eaglered.de\/wp-content\/uploads\/2024\/09\/IMG-20240910-WA0011-768x1153.jpg 768w, http:\/\/wp.eaglered.de\/wp-content\/uploads\/2024\/09\/IMG-20240910-WA0011-1023x1536.jpg 1023w, http:\/\/wp.eaglered.de\/wp-content\/uploads\/2024\/09\/IMG-20240910-WA0011-700x1051.jpg 700w, http:\/\/wp.eaglered.de\/wp-content\/uploads\/2024\/09\/IMG-20240910-WA0011-332x498.jpg 332w, http:\/\/wp.eaglered.de\/wp-content\/uploads\/2024\/09\/IMG-20240910-WA0011.jpg 1066w\" sizes=\"auto, (max-width: 682px) 100vw, 682px\" \/><\/a><\/figure>\n\n\n\n<figure class=\"wp-block-image size-large\"><a href=\"http:\/\/wp.eaglered.de\/?attachment_id=1483\"><img loading=\"lazy\" decoding=\"async\" width=\"1024\" height=\"682\" data-id=\"1483\" src=\"http:\/\/wp.eaglered.de\/wp-content\/uploads\/2024\/09\/IMG-20240910-WA0012-1024x682.jpg\" alt=\"\" class=\"wp-image-1483\" srcset=\"http:\/\/wp.eaglered.de\/wp-content\/uploads\/2024\/09\/IMG-20240910-WA0012-1024x682.jpg 1024w, http:\/\/wp.eaglered.de\/wp-content\/uploads\/2024\/09\/IMG-20240910-WA0012-300x200.jpg 300w, http:\/\/wp.eaglered.de\/wp-content\/uploads\/2024\/09\/IMG-20240910-WA0012-768x512.jpg 768w, http:\/\/wp.eaglered.de\/wp-content\/uploads\/2024\/09\/IMG-20240910-WA0012-1536x1023.jpg 1536w, http:\/\/wp.eaglered.de\/wp-content\/uploads\/2024\/09\/IMG-20240910-WA0012-700x466.jpg 700w, http:\/\/wp.eaglered.de\/wp-content\/uploads\/2024\/09\/IMG-20240910-WA0012-332x221.jpg 332w, http:\/\/wp.eaglered.de\/wp-content\/uploads\/2024\/09\/IMG-20240910-WA0012.jpg 1600w\" sizes=\"auto, (max-width: 1024px) 100vw, 1024px\" \/><\/a><\/figure>\n<\/figure>\n","protected":false},"excerpt":{"rendered":"<p>Eagle Red Alive &#8222;Duke&#8220;*20.8.2020DRC-ZB.NR. 2043210 Z\u00fcchterin: Ute Wagnitz Mutter: Pepsanner HirolaVater: Golden Worker Discovery Colin X ZB-Nr. 2043210 gew. am 20.8.2020 Geschlecht R\u00fcde Eltern Golden Worker Discovery Colin&nbsp;X&nbsp;Pepsanner Hirola Ahnentafel Hier gehts zur Ahnentafel HD\/ED H\u00fcften = A1 (rechts = A1, links = A1)Ellbogen rechts = frei, links = frei &#8230;<\/p>\n","protected":false},"author":1,"featured_media":0,"parent":7,"menu_order":0,"comment_status":"closed","ping_status":"closed","template":"","meta":{"footnotes":""},"class_list":["post-1467","page","type-page","status-publish","hentry","column","twocol"],"_links":{"self":[{"href":"http:\/\/wp.eaglered.de\/index.php?rest_route=\/wp\/v2\/pages\/1467","targetHints":{"allow":["GET"]}}],"collection":[{"href":"http:\/\/wp.eaglered.de\/index.php?rest_route=\/wp\/v2\/pages"}],"about":[{"href":"http:\/\/wp.eaglered.de\/index.php?rest_route=\/wp\/v2\/types\/page"}],"author":[{"embeddable":true,"href":"http:\/\/wp.eaglered.de\/index.php?rest_route=\/wp\/v2\/users\/1"}],"replies":[{"embeddable":true,"href":"http:\/\/wp.eaglered.de\/index.php?rest_route=%2Fwp%2Fv2%2Fcomments&post=1467"}],"version-history":[{"count":5,"href":"http:\/\/wp.eaglered.de\/index.php?rest_route=\/wp\/v2\/pages\/1467\/revisions"}],"predecessor-version":[{"id":1490,"href":"http:\/\/wp.eaglered.de\/index.php?rest_route=\/wp\/v2\/pages\/1467\/revisions\/1490"}],"up":[{"embeddable":true,"href":"http:\/\/wp.eaglered.de\/index.php?rest_route=\/wp\/v2\/pages\/7"}],"wp:attachment":[{"href":"http:\/\/wp.eaglered.de\/index.php?rest_route=%2Fwp%2Fv2%2Fmedia&parent=1467"}],"curies":[{"name":"wp","href":"https:\/\/api.w.org\/{rel}","templated":true}]}}