{"id":295,"date":"2016-10-09T18:59:29","date_gmt":"2016-10-09T18:59:29","guid":{"rendered":"http:\/\/wp.eaglered.de\/?page_id=295"},"modified":"2020-10-17T20:13:22","modified_gmt":"2020-10-17T20:13:22","slug":"never-forget-asterix","status":"publish","type":"page","link":"http:\/\/wp.eaglered.de\/?page_id=295","title":{"rendered":"Never forget &#8230; Junior"},"content":{"rendered":"<p><strong>Asterix of Winter night\u2019s dream \u201cJunior\u201d<br \/>\n<\/strong>1993 \u2013 2005<\/p>\n<p>&#8230; war der Impuls f\u00fcr die Retrieverarbeit.<\/p>\n<p>Wie schon oft gelesen war es auch bei uns so, dass meine Kinder sich einen Hund w\u00fcnschten, einen Familienhund halt. Auf der Suche nach einem Z\u00fcchter lernte ich Heinz Gail kennen und hatte das Gl\u00fcck, aus seiner Nachzucht einen Welpen zu bekommen. Und schon war ich infiziert von der Dummywelt, dem Training, den tollen Freundschaften die daraus entstanden, den Wochenenden auf verschiedenen Pr\u00fcfungsgel\u00e4nden &#8211; \u2026wir hatten eine wundersch\u00f6ne und aufregende Zeit miteinander.<\/p>\n<p><img loading=\"lazy\" decoding=\"async\" class=\"alignnone size-full wp-image-83\" src=\"http:\/\/wp.eaglered.de\/wp-content\/uploads\/2016\/10\/1_junior.jpg\" alt=\"1_junior\" width=\"680\" height=\"457\" srcset=\"http:\/\/wp.eaglered.de\/wp-content\/uploads\/2016\/10\/1_junior.jpg 680w, http:\/\/wp.eaglered.de\/wp-content\/uploads\/2016\/10\/1_junior-300x202.jpg 300w\" sizes=\"auto, (max-width: 680px) 100vw, 680px\" \/><\/p>\n<p><img loading=\"lazy\" decoding=\"async\" class=\"alignnone size-full wp-image-95\" src=\"http:\/\/wp.eaglered.de\/wp-content\/uploads\/2016\/10\/2_junior.jpg\" alt=\"2_junior\" width=\"680\" height=\"404\" srcset=\"http:\/\/wp.eaglered.de\/wp-content\/uploads\/2016\/10\/2_junior.jpg 680w, http:\/\/wp.eaglered.de\/wp-content\/uploads\/2016\/10\/2_junior-300x178.jpg 300w\" sizes=\"auto, (max-width: 680px) 100vw, 680px\" \/><\/p>\n","protected":false},"excerpt":{"rendered":"<p>Asterix of Winter night\u2019s dream \u201cJunior\u201d 1993 \u2013 2005 &#8230; war der Impuls f\u00fcr die Retrieverarbeit. Wie schon oft gelesen war es auch bei uns so, dass meine Kinder sich einen Hund w\u00fcnschten, einen Familienhund halt. Auf der Suche nach einem Z\u00fcchter lernte ich Heinz Gail kennen und hatte das &#8230;<\/p>\n","protected":false},"author":1,"featured_media":0,"parent":7,"menu_order":0,"comment_status":"closed","ping_status":"closed","template":"","meta":{"footnotes":""},"class_list":["post-295","page","type-page","status-publish","hentry","column","twocol"],"_links":{"self":[{"href":"http:\/\/wp.eaglered.de\/index.php?rest_route=\/wp\/v2\/pages\/295","targetHints":{"allow":["GET"]}}],"collection":[{"href":"http:\/\/wp.eaglered.de\/index.php?rest_route=\/wp\/v2\/pages"}],"about":[{"href":"http:\/\/wp.eaglered.de\/index.php?rest_route=\/wp\/v2\/types\/page"}],"author":[{"embeddable":true,"href":"http:\/\/wp.eaglered.de\/index.php?rest_route=\/wp\/v2\/users\/1"}],"replies":[{"embeddable":true,"href":"http:\/\/wp.eaglered.de\/index.php?rest_route=%2Fwp%2Fv2%2Fcomments&post=295"}],"version-history":[{"count":7,"href":"http:\/\/wp.eaglered.de\/index.php?rest_route=\/wp\/v2\/pages\/295\/revisions"}],"predecessor-version":[{"id":994,"href":"http:\/\/wp.eaglered.de\/index.php?rest_route=\/wp\/v2\/pages\/295\/revisions\/994"}],"up":[{"embeddable":true,"href":"http:\/\/wp.eaglered.de\/index.php?rest_route=\/wp\/v2\/pages\/7"}],"wp:attachment":[{"href":"http:\/\/wp.eaglered.de\/index.php?rest_route=%2Fwp%2Fv2%2Fmedia&parent=295"}],"curies":[{"name":"wp","href":"https:\/\/api.w.org\/{rel}","templated":true}]}}